6. Let t be p(n). Suppose -3*m + t = -12. What is the units digit of m?
4
Let c be 12/8 + 31/(-2). Let o = c + 16. What is the units digit of o?
2
Let v(z) = -z**2 + 10*z + 4. Let m be v(10). Suppose m + 8 = 2*h. What is the units digit of h?
6
What is the units digit of (-3)/((-12)/(-188))*-1?
7
Let f = 429 + -239. Suppose -2*p + 5*c = -98, -5*c - 40 = -5*p + f. What is the tens digit of p?
4
Let p(g) = 3*g**2 - g + 3. What is the hundreds digit of p(6)?
1
Suppose -b - 216 = -5*b. What is the units digit of b?
4
What is the units digit of 800/60*(-114)/(-8)?
0
Let i(o) = -o**3 - 2*o**2 + 4*o + 1. Let r be i(-4). Let u = r + -6. What is the units digit of u?
1
Suppose 20 = 3*d - 5*r, -4*d - 2*r + 34 = -d. Let u = -4 + 10. Suppose 5*f + d = u*f. What is the tens digit of f?
1
Suppose d = -r - r + 2, 2*d = 0. What is the tens digit of (2/5)/(r/25)?
1
Let u be 34 + -7 + 0 + -1. Let b = u - 11. What is the units digit of b?
5
Let j = 2 + 0. Suppose -t = t + 4*g + 14, -5*t - j*g - 3 = 0. What is the units digit of t?
1
What is the tens digit of ((-1)/(-2))/(2/52)?
1
Let q(h) = 2*h - 17. Let c = -24 + 44. Suppose -5*l - c = -80. What is the units digit of q(l)?
7
Suppose -5 - 17 = -c. What is the units digit of c?
2
Suppose -2*h - 3*d + 792 = 0, -3*d + 1592 = 4*h + d. What is the tens digit of h?
0
Let u be ((-54)/(-1 + -2))/2. Let w = 14 - u. Suppose -3*d - 25 = -2*m - 0*d, -w*d - 10 = 3*m. What is the units digit of m?
5
Suppose -4*i = 3*d - 26, -3*i - 15 = -3*d - 3. Let k = 7 - d. What is the units digit of k?
1
What is the tens digit of 14/63 + 2127/27?
7
Let b = -68 + 110. What is the units digit of (1*-1)/((-6)/b)?
7
What is the units digit of (-1)/(-4) + 230/40?
6
Suppose -4*a = -5*w - 1, -4*a + 27 = 5*w - 4. Suppose 28 = -w*h + h. What is the units digit of (0 + (-3)/6)*h?
7
Suppose -4*i - 4*w = 41 - 289, -3*i + w + 182 = 0. What is the tens digit of i?
6
What is the units digit of (1 - 8/2) + 12?
9
Suppose -344 = -5*o + 421. What is the units digit of o?
3
Suppose 9 = 5*d - 6. What is the units digit of d/1 - 16/(-2)?
1
Suppose 0 = -3*c + 8*c - 330. What is the tens digit of c?
6
Suppose 160 = 2*r + 2*r. Suppose -3*d + r = -29. What is the tens digit of d?
2
Let w be 8/(-6)*(-3)/2. Suppose -w*p = -0*p - 16. What is the units digit of p?
8
Let y = -41 + 49. What is the units digit of y?
8
Let o(z) = -z**3 - 14*z**2 + 14*z + 15. What is the tens digit of o(-15)?
3
Let d(v) = -v**2 - 7*v + 9. Let k be d(-9). Let u(y) = y**2 + 8*y - 7. What is the units digit of u(k)?
2
Let g(b) = b + 11. What is the tens digit of g(12)?
2
Suppose 2*r - 3*r + 4 = 0. Suppose -v - r*v + 66 = -2*k, 60 = 4*v + 2*k. What is the units digit of v?
4
Suppose -2*h = -6*h + 8. Suppose h*m - 3*i - 2 = 0, -2 = 4*m - 3*m - 3*i. Suppose -m*a = 5*g - 17, 0 = 2*a + 4. What is the units digit of g?
5
Let v(j) = 8*j - 2. Let o = 8 + -6. What is the tens digit of v(o)?
1
Let l(t) = t**3 - 7*t**2 + 6*t - 8. Let w be l(7). Suppose -8 = a - w. What is the units digit of a?
6
Let j = -4 - -5. Let q(m) = 9*m - 1. What is the units digit of q(j)?
8
Let d(n) = 2*n + 6. Let q be d(-6). Let b = 3 + q. What is the units digit of b + (-2 - -3*2)?
1
Suppose -2*n - l = n - 378, -5*n - l = -628. What is the tens digit of n?
2
Let n(q) = -4*q**3. Let t be n(1). Let w be 2/(-3) + t/(-6). Suppose 0*d + d - 7 = w. What is the units digit of d?
7
Let k = 22 - 13. Let m(t) = 2*t. Let g be m(-2). Let p = k + g. What is the units digit of p?
5
Suppose 5*d + 10 = 0, -111 = -4*a + 3*a + d. What is the units digit of a?
9
Let v(q) = q**2 - q - 2. Let l be v(0). Let t(a) = -5*a - 4. What is the units digit of t(l)?
6
Suppose 3*l = -0*l. Suppose -x - 4*r + 33 = l, 5*x - 2*r + 0*r - 121 = 0. Let s = x + -17. What is the units digit of s?
8
Suppose 3*p + 2*p = -4*b + 115, 0 = -b - 4*p + 37. What is the tens digit of b?
2
Suppose 49 = 5*w - 1. What is the units digit of 4/(-10) + 94/w?
9
Let d(c) = 3*c - 3. Let b(t) = t**2 - 3*t - 4. Suppose -x + w + 3 = 0, x + 4*x - 3*w - 19 = 0. Let s be b(x). What is the tens digit of d(s)?
1
Let i be 8 + -3 + (1 - -1). Let y = i - 5. What is the units digit of y?
2
Let c be -2*(4 + 1/(-1)). Let u = 46 + -31. Let g = c + u. What is the units digit of g?
9
Let o(u) = u**3 - 4*u**2 - 8*u - 3. What is the tens digit of o(6)?
2
Let b be (-27)/4 - (-6)/8. Suppose -3*t = -0*t - 30. Let n = b + t. What is the units digit of n?
4
Suppose 4*j - 2*j = 34. What is the tens digit of j?
1
Suppose 346 = 2*c + 4*q - 68, 0 = 5*c + 5*q - 1045. What is the units digit of c?
1
Let h be -1 + 1 - (2 - 1). What is the tens digit of 3 - (h + -6 - 3)?
1
Let z = 2 + 3. Suppose 0 = -z*b + 116 - 26. Let f = -4 + b. What is the units digit of f?
4
Suppose -x + 0 + 4 = 0. Suppose -49 + 13 = -6*w. Suppose x*f - w = 3*f. What is the units digit of f?
6
Let a(c) = -6*c**3 + c**2 - 1. Suppose -i = 7 - 2. Let b = -6 - i. What is the units digit of a(b)?
6
Let q(h) = -6*h**3 - h**2 + 1. Let l be q(-1). What is the units digit of 9/l*(-4)/(-6)?
1
What is the units digit of 235 + -3 + 3/3?
3
Let x be 234/(-14) + 18/(-63). Let u(z) = -2*z - 8. What is the units digit of u(x)?
6
Let g be ((-16)/(-20))/((-4)/50). Let u = g - -32. What is the units digit of u?
2
Let b(x) = 11*x**2 + 2*x + 13. What is the tens digit of b(-3)?
0
Suppose -2*s + 0*s = -24. Let i = s + -6. What is the units digit of i?
6
Let b = 124 + -43. What is the units digit of b?
1
Let k(u) = -2*u - 16. Let f be k(-15). Let l = 3 + f. What is the tens digit of l?
1
Suppose -5 = -2*x - k, -4*x - 5*k + 17 = -2*x. Let j be 5 + x/((-1)/3). Suppose -5*u = j - 22. What is the units digit of u?
4
Suppose 4*h + d = 5*h + 11, 5 = d. Let w = h + 9. Suppose -2*v - w*a + 0*a + 38 = 0, 2*v + 4*a - 42 = 0. What is the tens digit of v?
1
Suppose 18 = 2*y - 4*j, y + 4*j = 2*j - 11. What is the units digit of y/3 - (-1420)/30?
7
Let r(b) = 7*b**2 - 23. What is the tens digit of r(5)?
5
Let b(r) = 7*r**3 - r**2 + r - 4. What is the hundreds digit of b(3)?
1
Suppose -t + 21 = 2*t. Let k(b) = -b**3 - 5*b**2 - 6*b - 4. Let m be k(-4). What is the units digit of 65/t - m/14?
9
Suppose 3*s + s - 277 = -3*v, 4*s + 20 = 0. What is the units digit of (2/3)/(6/v)?
1
Let q(z) = 6*z - 3 + z**2 - 7*z - 1. What is the units digit of q(-3)?
8
Let l(f) = 3 - 4*f + 2*f**2 - f**2 + 6*f. What is the units digit of l(-2)?
3
Suppose 0*s = 2*s - 6. Suppose -s*y + 2 = -22. What is the units digit of y?
8
Suppose 5*k - d = 130, k - 5*d = -4*k + 130. What is the tens digit of k?
2
Let p(i) = i**2 + 9*i - 3. Let w be p(-9). Let o = w + 10. What is the units digit of o?
7
What is the tens digit of 55/5*4/1?
4
Suppose 5*x - 387 + 142 = 0. What is the tens digit of x?
4
Let j = 1 - 3. Let i(h) = h. Let r(a) = a - 2. Let y(s) = -2*i(s) - r(s). What is the units digit of y(j)?
8
Suppose -u - 32 = -2*u. What is the units digit of u?
2
Let h be (22 + (-3)/(-3))/1. Let n = -10 + h. What is the tens digit of n?
1
Suppose 3*k = 2*q - 0*q - 85, -3*k + 120 = 3*q. What is the tens digit of q?
4
Suppose 0*x = -4*x + 12. Suppose x*m - m = -6. What is the units digit of 6 + (m - (0 + -1))?
4
Let p = 67 - -10. What is the tens digit of p?
7
Let x = 34 - 24. Suppose -x*f = -11*f + 39. What is the tens digit of f?
3
Suppose 5*k - 5*o - 37 = 3, 3*k - 34 = 5*o. Suppose k*q + q - 168 = 0. What is the tens digit of q?
4
Suppose a + 0 = 3. Suppose 8*h = a*h - 35. Let r = 13 + h. What is the units digit of r?
6
Suppose 0*i - 2*i - 2 = -3*z, -4*i + 3*z + 8 = 0. Suppose b + 0 = i. What is the units digit of b?
5
Suppose -4*i + 2*l = -632, -4*i - 4*l = -816 + 184. What is the hundreds digit of i?
1
Let d = 21 + -11. Let o be 2*1/(-5)*d. What is the tens digit of 3/6 + (-38)/o?
1
Suppose -c + 235 = 5*t + 4*c, -2*t + 97 = 3*c. Suppose -m + 3*m - 8 = 0. Suppose -t + 4 = -m*y. What is the units digit of y?
0
Suppose 4*m + 3*x = 68, x = -m - 0*m + 18. Let h = -12 + 3. Let z = m + h. What is the units digit of z?
5
Let m be (12 + 1)*(-10)/(-10). What is the units digit of (-34 + m)*2/(-6)?
7
Let x = 10 - 8. Suppose 5 = x*w + 1. Suppose -w*b = -17 - 11. What is the tens digit of b?
1
Suppose 16*t = 15*t. Suppose -b - 2 = -5. Suppose 3*y - 3 = t, 29 = 2*m + b*m - y. What is the units digit of m?
6
Let g(x) = 14*x**3 -